{"id":464,"date":"2023-10-20T10:25:43","date_gmt":"2023-10-20T08:25:43","guid":{"rendered":"https:\/\/www.tranviasdezaragoza.es\/?page_id=464"},"modified":"2024-06-24T09:57:17","modified_gmt":"2024-06-24T07:57:17","slug":"tranvia-seguro","status":"publish","type":"page","link":"https:\/\/www.tranviasdezaragoza.es\/tranvia-seguro\/","title":{"rendered":"Tranv\u00eda Seguro"},"content":{"rendered":"<p>[et_pb_section fb_built=\u00bb1&#8243; admin_label=\u00bbfoto\u00bb _builder_version=\u00bb4.22.2&#8243; _module_preset=\u00bbdefault\u00bb custom_margin=\u00bb0px||0px||true|false\u00bb custom_padding=\u00bb0px||0px||true|false\u00bb global_colors_info=\u00bb{}\u00bb][et_pb_row admin_label=\u00bbFila\u00bb _builder_version=\u00bb4.22.2&#8243; _module_preset=\u00bbdefault\u00bb background_image=\u00bbhttps:\/\/www.tranviasdezaragoza.es\/wp-content\/uploads\/2023\/10\/fotografia_de_semaforo_verde_y_gente_cruzando-scaled.jpg\u00bb width=\u00bb100%\u00bb max_width=\u00bb100%\u00bb height=\u00bb300px\u00bb custom_margin=\u00bb0px||0px||true|false\u00bb custom_padding=\u00bb0px||0px||true|false\u00bb global_colors_info=\u00bb{}\u00bb][et_pb_column type=\u00bb4_4&#8243; _builder_version=\u00bb4.22.2&#8243; _module_preset=\u00bbdefault\u00bb global_colors_info=\u00bb{}\u00bb][\/et_pb_column][\/et_pb_row][\/et_pb_section][et_pb_section fb_built=\u00bb1&#8243; admin_label=\u00bbTitulo\u00bb _builder_version=\u00bb4.22.2&#8243; _module_preset=\u00bbdefault\u00bb global_colors_info=\u00bb{}\u00bb][et_pb_row make_equal=\u00bbon\u00bb admin_label=\u00bbtitulo\u00bb _builder_version=\u00bb4.22.2&#8243; _module_preset=\u00bbdefault\u00bb custom_padding=\u00bb||0px||false|false\u00bb custom_css_main_element=\u00bbalign-items:center;\u00bb global_colors_info=\u00bb{}\u00bb][et_pb_column type=\u00bb4_4&#8243; _builder_version=\u00bb4.22.2&#8243; _module_preset=\u00bbdefault\u00bb global_colors_info=\u00bb{}\u00bb][et_pb_text _builder_version=\u00bb4.22.2&#8243; _module_preset=\u00bbdefault\u00bb header_text_align=\u00bbcenter\u00bb custom_margin=\u00bb||0px||false|false\u00bb custom_padding=\u00bb||15px||false|false\u00bb global_colors_info=\u00bb{}\u00bb]<\/p>\n<h1>TRANV\u00cdA SEGURO<\/h1>\n<p>[\/et_pb_text][et_pb_divider divider_weight=\u00bb2px\u00bb _builder_version=\u00bb4.22.2&#8243; _module_preset=\u00bbdefault\u00bb width=\u00bb10%\u00bb max_width=\u00bb10%\u00bb module_alignment=\u00bbcenter\u00bb custom_margin=\u00bb0px||||false|false\u00bb custom_padding=\u00bb0px||||false|false\u00bb global_colors_info=\u00bb{}\u00bb][\/et_pb_divider][\/et_pb_column][\/et_pb_row][\/et_pb_section][et_pb_section fb_built=\u00bb1&#8243; _builder_version=\u00bb4.22.2&#8243; _module_preset=\u00bbdefault\u00bb custom_margin=\u00bb0px||||false|false\u00bb custom_padding=\u00bb0px||||false|false\u00bb global_colors_info=\u00bb{}\u00bb][et_pb_row column_structure=\u00bb1_2,1_2&#8243; use_custom_gutter=\u00bbon\u00bb gutter_width=\u00bb2&#8243; _builder_version=\u00bb4.22.2&#8243; _module_preset=\u00bbdefault\u00bb width=\u00bb95%\u00bb max_width=\u00bb100%\u00bb custom_margin=\u00bb0px||||false|false\u00bb custom_padding=\u00bb0px||||false|false\u00bb global_colors_info=\u00bb{}\u00bb][et_pb_column type=\u00bb1_2&#8243; _builder_version=\u00bb4.22.2&#8243; _module_preset=\u00bbdefault\u00bb global_colors_info=\u00bb{}\u00bb][et_pb_text _builder_version=\u00bb4.22.2&#8243; _module_preset=\u00bbdefault\u00bb text_text_color=\u00bb#DE2A26&#8243; text_font_size=\u00bb30px\u00bb text_line_height=\u00bb1.2em\u00bb global_colors_info=\u00bb{}\u00bb]<\/p>\n<p><span>Desde el inicio de pruebas de la L\u00ednea 1, el Tranv\u00eda de Zaragoza ha puesto en marcha una serie de iniciativas encaminadas a que los ciudadanos conozcan las claves de seguridad y convivencia con el nuevo medio de transporte.<\/span><\/p>\n<p>[\/et_pb_text][\/et_pb_column][et_pb_column type=\u00bb1_2&#8243; _builder_version=\u00bb4.22.2&#8243; _module_preset=\u00bbdefault\u00bb global_colors_info=\u00bb{}\u00bb][et_pb_image src=\u00bbhttps:\/\/www.tranviasdezaragoza.es\/wp-content\/uploads\/2023\/11\/tranvia-carlos-V.jpg\u00bb title_text=\u00bbtranvia-carlos-V\u00bb _builder_version=\u00bb4.22.2&#8243; _module_preset=\u00bbdefault\u00bb global_colors_info=\u00bb{}\u00bb][\/et_pb_image][\/et_pb_column][\/et_pb_row][et_pb_row column_structure=\u00bb1_3,1_3,1_3&#8243; use_custom_gutter=\u00bbon\u00bb gutter_width=\u00bb2&#8243; make_equal=\u00bbon\u00bb _builder_version=\u00bb4.22.2&#8243; _module_preset=\u00bbdefault\u00bb width=\u00bb95%\u00bb max_width=\u00bb100%\u00bb custom_margin=\u00bb||||false|false\u00bb custom_padding=\u00bb||||false|false\u00bb custom_css_main_element=\u00bbalign-items: flex-end;\u00bb global_colors_info=\u00bb{}\u00bb][et_pb_column type=\u00bb1_3&#8243; _builder_version=\u00bb4.22.2&#8243; _module_preset=\u00bbdefault\u00bb global_colors_info=\u00bb{}\u00bb][et_pb_text _builder_version=\u00bb4.22.2&#8243; _module_preset=\u00bbdefault\u00bb text_text_color=\u00bb#243033&#8243; header_2_font=\u00bb|300|||||||\u00bb header_2_text_color=\u00bb#243033&#8243; header_2_font_size=\u00bb55px\u00bb locked=\u00bboff\u00bb global_colors_info=\u00bb{}\u00bb]<\/p>\n<h2><span style=\"font-weight:normal;\">Charlas\u00a0<\/span>escolares.<\/h2>\n<p>[\/et_pb_text][et_pb_text _builder_version=\u00bb4.22.2&#8243; _module_preset=\u00bbdefault\u00bb global_colors_info=\u00bb{}\u00bb]<\/p>\n<p><span>Se han realiza<\/span><span>n anualmente en los centros escolares de Zaragoza<\/span><span>. Han participado m\u00e1s de <\/span><span>30<\/span><span>.000 ni\u00f1os, con actividades din\u00e1micas que presta<\/span><span>n<\/span><span> atenci\u00f3n a la seguridad vial, con consejos b\u00e1sicos para que los m\u00e1s peque\u00f1os viajen adecuadamente y tengan un comportamiento seguro en la v\u00eda p\u00fablica.<\/span><\/p>\n<p>[\/et_pb_text][et_pb_image src=\u00bbhttps:\/\/www.tranviasdezaragoza.es\/wp-content\/uploads\/2024\/06\/colegios-reducida.jpg\u00bb _builder_version=\u00bb4.22.2&#8243; _module_preset=\u00bbdefault\u00bb hover_enabled=\u00bb0&#8243; global_colors_info=\u00bb{}\u00bb title_text=\u00bbcolegios-reducida\u00bb sticky_enabled=\u00bb0&#8243;][\/et_pb_image][\/et_pb_column][et_pb_column type=\u00bb1_3&#8243; _builder_version=\u00bb4.22.2&#8243; _module_preset=\u00bbdefault\u00bb global_colors_info=\u00bb{}\u00bb][et_pb_text admin_label=\u00bbTexto\u00bb _builder_version=\u00bb4.22.2&#8243; _module_preset=\u00bbdefault\u00bb text_text_color=\u00bb#243033&#8243; header_2_font=\u00bb|300|||||||\u00bb header_2_text_color=\u00bb#243033&#8243; header_2_font_size=\u00bb55px\u00bb locked=\u00bboff\u00bb global_colors_info=\u00bb{}\u00bb]<\/p>\n<h2><span style=\"font-weight:normal;\">Colaboraci\u00f3n con\u00a0<\/span >polic\u00eda y bomberos.<\/h2>\n<p>[\/et_pb_text][et_pb_text _builder_version=\u00bb4.22.2&#8243; _module_preset=\u00bbdefault\u00bb global_colors_info=\u00bb{}\u00bb]<\/p>\n<p><span>Se han ofrecido charlas t\u00e9cnicas de formaci\u00f3n a m\u00e1s de 1.200 agentes de la Polic\u00eda Local y Bomberos. Tambi\u00e9n se han llevado a cabo distintos simulacros para la actuaci\u00f3n urgente en caso de accidentes. La relaci\u00f3n tanto con Polic\u00eda como con Bomberos es constante, y ambos cuentan con un plan de seguridad que ha sido elaborado conjuntamente con el Tranv\u00eda de Zaragoza.<\/span><\/p>\n<p>[\/et_pb_text][et_pb_image src=\u00bbhttps:\/\/www.tranviasdezaragoza.es\/wp-content\/uploads\/2024\/06\/bomberos-reducida.jpg\u00bb _builder_version=\u00bb4.22.2&#8243; _module_preset=\u00bbdefault\u00bb hover_enabled=\u00bb0&#8243; global_colors_info=\u00bb{}\u00bb title_text=\u00bbbomberos-reducida\u00bb sticky_enabled=\u00bb0&#8243;][\/et_pb_image][\/et_pb_column][et_pb_column type=\u00bb1_3&#8243; _builder_version=\u00bb4.22.2&#8243; _module_preset=\u00bbdefault\u00bb global_colors_info=\u00bb{}\u00bb][et_pb_text _builder_version=\u00bb4.22.2&#8243; _module_preset=\u00bbdefault\u00bb text_text_color=\u00bb#243033&#8243; header_2_font=\u00bb|300|||||||\u00bb header_2_text_color=\u00bb#243033&#8243; header_2_font_size=\u00bb55px\u00bb locked=\u00bboff\u00bb global_colors_info=\u00bb{}\u00bb]<\/p>\n<h2><span style=\"font-weight:normal;\">Sesiones para\u00a0<\/span >adultos.<\/h2>\n<p>[\/et_pb_text][et_pb_text _builder_version=\u00bb4.22.2&#8243; _module_preset=\u00bbdefault\u00bb global_colors_info=\u00bb{}\u00bb]<\/p>\n<p><span>La seguridad es una l\u00ednea prioritaria de actuaci\u00f3n, y a estas sesiones se han sumado charlas para adultos, impartidas en colaboraci\u00f3n con Stop Accidentes. Estas conferencias pasaron por el Punto de Informaci\u00f3n del Tranv\u00eda, asociaciones vecinales, juntas de distrito o centros de mayores. Asimismo, <\/span><span>se han realizado<\/span><span> charlas para personas mayores en centros de d\u00eda, residencias y otras instalaciones de la ciudad para este colectivo<\/span><span>, as\u00ed como colaboraciones como con la Universidad de la Experiencia de la USJ.<\/span><\/p>\n<p>[\/et_pb_text][et_pb_image src=\u00bbhttps:\/\/www.tranviasdezaragoza.es\/wp-content\/uploads\/2024\/06\/mayores-reducida.jpg\u00bb _builder_version=\u00bb4.22.2&#8243; _module_preset=\u00bbdefault\u00bb hover_enabled=\u00bb0&#8243; global_colors_info=\u00bb{}\u00bb title_text=\u00bbmayores-reducida\u00bb sticky_enabled=\u00bb0&#8243;][\/et_pb_image][\/et_pb_column][\/et_pb_row][\/et_pb_section]<\/p>\n","protected":false},"excerpt":{"rendered":"<p>TRANV\u00cdA SEGURODesde el inicio de pruebas de la L\u00ednea 1, el Tranv\u00eda de Zaragoza ha puesto en marcha una serie de iniciativas encaminadas a que los ciudadanos conozcan las claves de seguridad y convivencia con el nuevo medio de transporte.Charlas\u00a0escolares.Se han realizan anualmente en los centros escolares de Zaragoza. Han participado m\u00e1s de 30.000 ni\u00f1os, [&hellip;]<\/p>\n","protected":false},"author":2,"featured_media":0,"parent":0,"menu_order":0,"comment_status":"closed","ping_status":"closed","template":"","meta":{"_et_pb_use_builder":"on","_et_pb_old_content":"","_et_gb_content_width":"","footnotes":""},"class_list":["post-464","page","type-page","status-publish","hentry"],"_links":{"self":[{"href":"https:\/\/www.tranviasdezaragoza.es\/api\/wp\/v2\/pages\/464","targetHints":{"allow":["GET"]}}],"collection":[{"href":"https:\/\/www.tranviasdezaragoza.es\/api\/wp\/v2\/pages"}],"about":[{"href":"https:\/\/www.tranviasdezaragoza.es\/api\/wp\/v2\/types\/page"}],"author":[{"embeddable":true,"href":"https:\/\/www.tranviasdezaragoza.es\/api\/wp\/v2\/users\/2"}],"replies":[{"embeddable":true,"href":"https:\/\/www.tranviasdezaragoza.es\/api\/wp\/v2\/comments?post=464"}],"version-history":[{"count":0,"href":"https:\/\/www.tranviasdezaragoza.es\/api\/wp\/v2\/pages\/464\/revisions"}],"wp:attachment":[{"href":"https:\/\/www.tranviasdezaragoza.es\/api\/wp\/v2\/media?parent=464"}],"curies":[{"name":"wp","href":"https:\/\/api.w.org\/{rel}","templated":true}]}}

Tranvía Seguro

<p>[et_pb_section fb_built=»1&#8243; admin_label=»foto» _builder_version=»4.22.2&#8243; _module_preset=»default» custom_margin=»0px||0px||true|false» custom_padding=»0px||0px||true|false» global_colors_info=»{}»][et_pb_row admin_label=»Fila» _builder_version=»4.22.2&#8243; _module_preset=»default» background_image=»https://www.tranviasdezaragoza.es/wp-content/uploads/2023/10/fotografia_de_semaforo_verde_y_gente_cruzando-scaled.jpg» width=»100%» max_width=»100%» height=»300px» custom_margin=»0px||0px||true|false» custom_padding=»0px||0px||true|false» global_colors_info=»{}»][et_pb_column type=»4_4&#8243; _builder_version=»4.22.2&#8243; _module_preset=»default» global_colors_info=»{}»][/et_pb_column][/et_pb_row][/et_pb_section][et_pb_section fb_built=»1&#8243; admin_label=»Titulo» _builder_version=»4.22.2&#8243; _module_preset=»default» global_colors_info=»{}»][et_pb_row make_equal=»on» admin_label=»titulo» _builder_version=»4.22.2&#8243; _module_preset=»default» custom_padding=»||0px||false|false» custom_css_main_element=»align-items:center;» global_colors_info=»{}»][et_pb_column type=»4_4&#8243; _builder_version=»4.22.2&#8243; _module_preset=»default» global_colors_info=»{}»][et_pb_text _builder_version=»4.22.2&#8243; _module_preset=»default» header_text_align=»center» custom_margin=»||0px||false|false» custom_padding=»||15px||false|false» global_colors_info=»{}»]</p>
<h1>TRANVÍA SEGURO</h1>
<p>[/et_pb_text][et_pb_divider divider_weight=»2px» _builder_version=»4.22.2&#8243; _module_preset=»default» width=»10%» max_width=»10%» module_alignment=»center» custom_margin=»0px||||false|false» custom_padding=»0px||||false|false» global_colors_info=»{}»][/et_pb_divider][/et_pb_column][/et_pb_row][/et_pb_section][et_pb_section fb_built=»1&#8243; _builder_version=»4.22.2&#8243; _module_preset=»default» custom_margin=»0px||||false|false» custom_padding=»0px||||false|false» global_colors_info=»{}»][et_pb_row column_structure=»1_2,1_2&#8243; use_custom_gutter=»on» gutter_width=»2&#8243; _builder_version=»4.22.2&#8243; _module_preset=»default» width=»95%» max_width=»100%» custom_margin=»0px||||false|false» custom_padding=»0px||||false|false» global_colors_info=»{}»][et_pb_column type=»1_2&#8243; _builder_version=»4.22.2&#8243; _module_preset=»default» global_colors_info=»{}»][et_pb_text _builder_version=»4.22.2&#8243; _module_preset=»default» text_text_color=»#DE2A26&#8243; text_font_size=»30px» text_line_height=»1.2em» global_colors_info=»{}»]</p>
<p><span>Desde el inicio de pruebas de la Línea 1, el Tranvía de Zaragoza ha puesto en marcha una serie de iniciativas encaminadas a que los ciudadanos conozcan las claves de seguridad y convivencia con el nuevo medio de transporte.</span></p>
<p>[/et_pb_text][/et_pb_column][et_pb_column type=»1_2&#8243; _builder_version=»4.22.2&#8243; _module_preset=»default» global_colors_info=»{}»][et_pb_image src=»https://www.tranviasdezaragoza.es/wp-content/uploads/2023/11/tranvia-carlos-V.jpg» title_text=»tranvia-carlos-V» _builder_version=»4.22.2&#8243; _module_preset=»default» global_colors_info=»{}»][/et_pb_image][/et_pb_column][/et_pb_row][et_pb_row column_structure=»1_3,1_3,1_3&#8243; use_custom_gutter=»on» gutter_width=»2&#8243; make_equal=»on» _builder_version=»4.22.2&#8243; _module_preset=»default» width=»95%» max_width=»100%» custom_margin=»||||false|false» custom_padding=»||||false|false» custom_css_main_element=»align-items: flex-end;» global_colors_info=»{}»][et_pb_column type=»1_3&#8243; _builder_version=»4.22.2&#8243; _module_preset=»default» global_colors_info=»{}»][et_pb_text _builder_version=»4.22.2&#8243; _module_preset=»default» text_text_color=»#243033&#8243; header_2_font=»|300|||||||» header_2_text_color=»#243033&#8243; header_2_font_size=»55px» locked=»off» global_colors_info=»{}»]</p>
<h2><span style="font-weight:normal;">Charlas </span>escolares.</h2>
<p>[/et_pb_text][et_pb_text _builder_version=»4.22.2&#8243; _module_preset=»default» global_colors_info=»{}»]</p>
<p><span>Se han realiza</span><span>n anualmente en los centros escolares de Zaragoza</span><span>. Han participado más de </span><span>30</span><span>.000 niños, con actividades dinámicas que presta</span><span>n</span><span> atención a la seguridad vial, con consejos básicos para que los más pequeños viajen adecuadamente y tengan un comportamiento seguro en la vía pública.</span></p>
<p>[/et_pb_text][et_pb_image src=»https://www.tranviasdezaragoza.es/wp-content/uploads/2024/06/colegios-reducida.jpg» _builder_version=»4.22.2&#8243; _module_preset=»default» hover_enabled=»0&#8243; global_colors_info=»{}» title_text=»colegios-reducida» sticky_enabled=»0&#8243;][/et_pb_image][/et_pb_column][et_pb_column type=»1_3&#8243; _builder_version=»4.22.2&#8243; _module_preset=»default» global_colors_info=»{}»][et_pb_text admin_label=»Texto» _builder_version=»4.22.2&#8243; _module_preset=»default» text_text_color=»#243033&#8243; header_2_font=»|300|||||||» header_2_text_color=»#243033&#8243; header_2_font_size=»55px» locked=»off» global_colors_info=»{}»]</p>
<h2><span style="font-weight:normal;">Colaboración con </span >policía y bomberos.</h2>
<p>[/et_pb_text][et_pb_text _builder_version=»4.22.2&#8243; _module_preset=»default» global_colors_info=»{}»]</p>
<p><span>Se han ofrecido charlas técnicas de formación a más de 1.200 agentes de la Policía Local y Bomberos. También se han llevado a cabo distintos simulacros para la actuación urgente en caso de accidentes. La relación tanto con Policía como con Bomberos es constante, y ambos cuentan con un plan de seguridad que ha sido elaborado conjuntamente con el Tranvía de Zaragoza.</span></p>
<p>[/et_pb_text][et_pb_image src=»https://www.tranviasdezaragoza.es/wp-content/uploads/2024/06/bomberos-reducida.jpg» _builder_version=»4.22.2&#8243; _module_preset=»default» hover_enabled=»0&#8243; global_colors_info=»{}» title_text=»bomberos-reducida» sticky_enabled=»0&#8243;][/et_pb_image][/et_pb_column][et_pb_column type=»1_3&#8243; _builder_version=»4.22.2&#8243; _module_preset=»default» global_colors_info=»{}»][et_pb_text _builder_version=»4.22.2&#8243; _module_preset=»default» text_text_color=»#243033&#8243; header_2_font=»|300|||||||» header_2_text_color=»#243033&#8243; header_2_font_size=»55px» locked=»off» global_colors_info=»{}»]</p>
<h2><span style="font-weight:normal;">Sesiones para </span >adultos.</h2>
<p>[/et_pb_text][et_pb_text _builder_version=»4.22.2&#8243; _module_preset=»default» global_colors_info=»{}»]</p>
<p><span>La seguridad es una línea prioritaria de actuación, y a estas sesiones se han sumado charlas para adultos, impartidas en colaboración con Stop Accidentes. Estas conferencias pasaron por el Punto de Información del Tranvía, asociaciones vecinales, juntas de distrito o centros de mayores. Asimismo, </span><span>se han realizado</span><span> charlas para personas mayores en centros de día, residencias y otras instalaciones de la ciudad para este colectivo</span><span>, así como colaboraciones como con la Universidad de la Experiencia de la USJ.</span></p>
<p>[/et_pb_text][et_pb_image src=»https://www.tranviasdezaragoza.es/wp-content/uploads/2024/06/mayores-reducida.jpg» _builder_version=»4.22.2&#8243; _module_preset=»default» hover_enabled=»0&#8243; global_colors_info=»{}» title_text=»mayores-reducida» sticky_enabled=»0&#8243;][/et_pb_image][/et_pb_column][/et_pb_row][/et_pb_section]</p>

<p>TRANVÍA SEGURODesde el inicio de pruebas de la Línea 1, el Tranvía de Zaragoza ha puesto en marcha una serie de iniciativas encaminadas a que los ciudadanos conozcan las claves de seguridad y convivencia con el nuevo medio de transporte.Charlas escolares.Se han realizan anualmente en los centros escolares de Zaragoza. Han participado más de 30.000 niños, [&hellip;]</p>
